{"id":116,"date":"2015-12-03T13:31:40","date_gmt":"2015-12-03T11:31:40","guid":{"rendered":"http:\/\/carsten.familie-schumann.info\/blog\/?page_id=116"},"modified":"2015-12-03T15:17:44","modified_gmt":"2015-12-03T13:17:44","slug":"gnuplot-in-latex","status":"publish","type":"page","link":"https:\/\/carsten.familie-schumann.info\/blog\/gnuplot-in-latex\/","title":{"rendered":"GnuPlot in LaTeX"},"content":{"rendered":"<p>LaTeX ist immer noch der De-Facto Standard beim erstellen von wissenschaftlichen Arbeiten. Auch wenn Word &#038; Co. inzwischen aufgeholt haben, wird das Erstellen von Dokumenten dank katastrophalem Bild-Placement und noch schlimmeren Literaturverzeichnissen entweder zum Nervenkrieg oder die Arbeiten siehen aus wie &#8222;gewollt und nicht gekonnt&#8220;.<\/p>\n<p>Eine h\u00e4ufige Aufgabe ist das Einbinden von Diagrammen als Abbildungen. Ja, man kann das Diagramm extern erzeugen, dann als Bilddatei oder (wenn man mehr Aufl\u00f6sung haben will) als PDF speichern und sp\u00e4ter in das LaTeX Dokument einbinden. Man kann es sich aber auch einfach machen.<\/p>\n<p>Hierzu gibt es das Paket &#8222;gnuplottex&#8220;, mit dem man direkt in LaTeX GnuPlot Abbildungen erstellen kann.<br \/>\nAnmerkung: Ich benutze als Compiler pdflatex. Bei dem DVI- oder PS-Ausgabetreiber muss der Terminaltyp im zweiten Codeblock angepasst werden.<\/p>\n<p>Zuerst wird das Paket in der Pr\u00e4ambel eingebaut. Ich pers\u00f6nlich verwende MikTex, daher der MikTex Kompatibilit\u00e4tsschalter am Anfang.<\/p>\n<p><code><br \/>\n\\usepackage[miktex]{gnuplottex}<br \/>\n<\/code><\/p>\n<p>Danach kann man Gnuplot einfach als Umgebung in Bildern verwenden.<\/p>\n<p><code><br \/>\n\\begin{figure}[b]<br \/>\n  \\begin{gnuplot}[terminal=pdf, terminaloptions={size 13cm,10cm}]<br \/>\n    set key top right<br \/>\n    set autoscale  y<br \/>\n\t\tset ylabel 'Sinus'<br \/>\n\t\tset xlabel 'Zeit [min]'<br \/>\n\t\tset ytics nomirror<br \/>\nset sample 5000<br \/>\nset xrange [0:30]<br \/>\n\t\tset yrange [-1:1]<br \/>\n    plot sin(x) with lines lw 10 title 'Sinus-Kurve'<br \/>\n  \\end{gnuplot}<br \/>\n\t\\label{fig:sinus}<br \/>\n\t\\caption{Eine Sinuswelle von GnuPlot. }<br \/>\n\\end{figure}<br \/>\n<\/code><\/p>\n","protected":false},"excerpt":{"rendered":"<p>LaTeX ist immer noch der De-Facto Standard beim erstellen von wissenschaftlichen Arbeiten. Auch wenn Word &#038; Co. inzwischen aufgeholt haben, wird das Erstellen von Dokumenten dank katastrophalem Bild-Placement und noch schlimmeren Literaturverzeichnissen entweder zum Nervenkrieg oder die Arbeiten siehen aus wie &#8222;gewollt und nicht gekonnt&#8220;. Eine h\u00e4ufige Aufgabe ist das Einbinden von Diagrammen als Abbildungen&#8230;.<br \/><a class=\"read-more-button\" href=\"https:\/\/carsten.familie-schumann.info\/blog\/gnuplot-in-latex\/\">Mehr Lesen<\/a><\/p>\n","protected":false},"author":1,"featured_media":0,"parent":0,"menu_order":0,"comment_status":"closed","ping_status":"closed","template":"","meta":{"footnotes":""},"class_list":["post-116","page","type-page","status-publish","hentry"],"_links":{"self":[{"href":"https:\/\/carsten.familie-schumann.info\/blog\/wp-json\/wp\/v2\/pages\/116","targetHints":{"allow":["GET"]}}],"collection":[{"href":"https:\/\/carsten.familie-schumann.info\/blog\/wp-json\/wp\/v2\/pages"}],"about":[{"href":"https:\/\/carsten.familie-schumann.info\/blog\/wp-json\/wp\/v2\/types\/page"}],"author":[{"embeddable":true,"href":"https:\/\/carsten.familie-schumann.info\/blog\/wp-json\/wp\/v2\/users\/1"}],"replies":[{"embeddable":true,"href":"https:\/\/carsten.familie-schumann.info\/blog\/wp-json\/wp\/v2\/comments?post=116"}],"version-history":[{"count":5,"href":"https:\/\/carsten.familie-schumann.info\/blog\/wp-json\/wp\/v2\/pages\/116\/revisions"}],"predecessor-version":[{"id":123,"href":"https:\/\/carsten.familie-schumann.info\/blog\/wp-json\/wp\/v2\/pages\/116\/revisions\/123"}],"wp:attachment":[{"href":"https:\/\/carsten.familie-schumann.info\/blog\/wp-json\/wp\/v2\/media?parent=116"}],"curies":[{"name":"wp","href":"https:\/\/api.w.org\/{rel}","templated":true}]}}